s the greatest common factor of o and 38?
38
Let r be (-1 + 6/(-3))/((-129)/2322). Suppose 2*l - 864 = -0*l. What is the highest common divisor of r and l?
54
Suppose 5*x + 293 = -t, -6 = t + t. Let c be ((-114)/(-5))/(x/(-145)). Calculate the highest common divisor of c and 38.
19
Let t be 16/((-1 - (-30)/25)/((-87)/(-15))). Calculate the highest common factor of t and 638.
58
Let y be (-921)/(-4) - (18 + 142/(-8)). What is the highest common divisor of 250 and y?
10
Let x be ((-159)/(-106)*128/5)/((-3)/(-10)). Calculate the highest common divisor of 9344 and x.
128
Suppose -3*x - 2*m + 174 = 0, -4*m + 81 = x + 13. Suppose -147 = 2*k + 161. Let w be (k/x)/((-2)/16). What is the greatest common divisor of 55 and w?
11
Suppose 3*z + 9 = 3*q - q, 2*q - z = 3. Suppose q = 2*v - 2, -y - 3*v + 4*v = -183. Calculate the greatest common divisor of y and 16.
8
Suppose 5*y = -9*y + 2*y. Suppose -7*s = -y*s - 252. Suppose -3*h + 27 = -45. What is the greatest common divisor of h and s?
12
Let d = 408 - 265. Let f be d + (-3)/(-4 + 1). Calculate the greatest common factor of 36 and f.
36
Let n = 4596 - 4577. What is the greatest common divisor of n and 3743?
19
Suppose -2*r = 5*n - 248, 0 = -3*r - 5*n + 135 + 237. Calculate the highest common divisor of 558 and r.
62
Let u be ((-450)/120)/(6/16). Let p be 1*668/(-4)*u. Calculate the greatest common divisor of p and 10.
10
Let h(n) = 5*n**2 - 3*n + 9. Let v be h(-7). Let j be 6380/v + 2*2/(-20). Calculate the highest common divisor of 69 and j.
23
Let x be 1*(2 - -2) - (-235 - -235). What is the greatest common factor of x and 432?
4
Suppose -239*o + 48 = -236*o. Let c be 1/1 - (o - 23). Calculate the highest common factor of c and 488.
8
Let a = -242 - -286. Suppose -27*u + 23*u = -a. Calculate the greatest common factor of u and 44.
11
Suppose 5*x + 2*u = 1440, 0 = -3*u + 5*u. Suppose 0 = 15*r - 2097 + 1827. Calculate the greatest common divisor of r and x.
18
Let z(v) = -v**3 + 20*v**2 - 20*v + 23. Let i be z(19). Let m be 90*(2 + -3 + i). What is the highest common divisor of 120 and m?
30
Suppose 4*x - 4*f + 145 = 177, -5*f = x - 32. Let i be (-16)/(-7) - (-2)/(-7). Suppose 4 = i*m - 20. Calculate the highest common factor of m and x.
12
Let x be (-7)/7*5 + -945. Let g be 454/10 + -1 - 570/x. What is the highest common divisor of 3 and g?
3
Let b(o) = o**3 + 5*o**2 - 30*o + 6. Let p be b(-9). Let y be (3/(-9))/((-47)/p - 1). What is the highest common divisor of y and 72?
8
Suppose -26*q + 3600 = 164*q - 4380. Calculate the greatest common factor of 33852 and q.
42
Suppose 8*l - 68481 = 5*l. Suppose l = 9*o - 2121. Suppose -o = -10*b - 2*b. What is the highest common divisor of 33 and b?
33
Let o = 1594 + -1584. Let p = -12 - -47. Calculate the greatest common factor of o and p.
5
Let q be ((-30)/(-8))/(11571/(-1292) + 9). Calculate the greatest common divisor of 765 and q.
85
Suppose 2*c = 28 + 4. Suppose 3*w - 160 + c = 0. Suppose -f = -d - w, -d = 3*f - 8*f + 228. What is the greatest common divisor of 9 and f?
9
Suppose 86*u = u + 20400. Calculate the highest common divisor of u and 1620.
60
Let k(p) = -p**3 + 5*p**2 + 4*p - 10. Let u be k(5). Suppose 30 = -0*b - 2*b. Let h be 107 + 5/((-25)/b). What is the greatest common divisor of u and h?
10
Let i(u) = -4*u**3 + 54*u**2 + 35*u - 21. Let z be i(14). What is the highest common factor of 93401 and z?
77
Let r = 19 + -14. Suppose -r*q + 5 = -2*h, h - 20 = -5*q + 3*q. Suppose 5*f + 5*v = -h, -5*f + 17 = -6*f - 4*v. What is the greatest common factor of f and 2?
1
Let j = 1732 - 1183. What is the greatest common divisor of j and 671?
61
Let y be 18*(0 + (-3)/(-1)). Let q = 27483 + -27051. Calculate the greatest common factor of q and y.
54
Let t(p) = p**3 - 2*p - 6. Let j(i) = i**2 - i - 1. Let d(n) = 5*j(n) - t(n). Let w be d(2). Let x = -13 + 62. What is the greatest common factor of x and w?
7
Let y = 10219 + -10200. Suppose -7*s - 1 = -8*s. Calculate the highest common factor of y and s.
1
Suppose -10*o + 4 = -8*o, o + 10 = 3*w. Suppose 5*y + 5*m = 160, -7*m = w*y - 2*m - 124. Calculate the greatest common factor of 6 and y.
6
Let k(p) = p + 43. Let c be k(-38). Suppose 3*f = a - 5 - 20, c*f = -5*a + 45. Calculate the greatest common factor of a and 2.
1
Let k = -8 + 40. Suppose 22*u - 5*o + 169 = 23*u, 0 = 2*o - 10. What is the greatest common divisor of u and k?
16
Suppose 0*l - 4620 = 4*l - 16*l. What is the highest common divisor of l and 187?
11
Let l be 41 - (-3 + (-8)/((-6)/3)). Let g = 60 - l. Suppose -5 + g = 3*v. Calculate the highest common factor of 2 and v.
1
Suppose -2*u = -220 - 194. Let t(k) = 1272*k**2 - 34341*k - 58. Let d be t(27). Calculate the highest common factor of d and u.
23
Let y be (-4)/12*(-35 + -1). Suppose -y + 16 = h. Suppose 253 = h*c - k, -2*k + 9 = k. What is the greatest common factor of c and 48?
16
Let h(c) = -155*c - 441. Let y be h(-3). Suppose 4*r = -3*g - 234, g + 86 = 3*r + 21. Let j be (-4)/6 - g/3. What is the highest common divisor of j and y?
24
Suppose 36*a - 38 = -2. Let u be -5 - -3 - -4*(3 - a). Calculate the greatest common factor of 153 and u.
3
Let j(w) = 3*w**2 - 6*w - 1. Let h be j(5). Suppose 866*q - 865*q - 5*r - 78 = 0, 5*r - 87 = -4*q. What is the greatest common divisor of h and q?
11
Suppose -7*k + 0*k - 560 = 0. Let m be (0 + 7)/(4/k). Let i be m/(-60)*111*1. Calculate the greatest common divisor of i and 37.
37
Let d = -7363 - -14060. Calculate the greatest common divisor of 37 and d.
37
Suppose -4*z - 11*z + 78690 = 15*z. What is the greatest common factor of 122 and z?
61
Let w(y) be the third derivative of 5*y**4/8 - 37*y**3/3 + 2*y**2 + 3*y. Let b be w(7). Let p be 31/(-2)*-2*1. What is the highest common divisor of p and b?
31
Let o(c) = c**2 - 10*c - 5. Let f be o(-5). Suppose -29*j = -36*j + f. Calculate the greatest common factor of j and 90.
10
Let m(l) = 72*l**3 - 7*l**2 + 55*l + 2. Let c be m(4). What is the highest common factor of 14 and c?
14
Let i be 212/(-6) + 14/21*-1. Let r = 38 + i. Let f be (60/(-24))/(r/(-36)). What is the highest common divisor of f and 360?
45
Suppose -v + 2633 = -3*b - 11086, 0 = -3*v + 4*b + 41147. What is the greatest common factor of 42 and v?
21
Let f = -22721 - -22750. Calculate the highest common divisor of 97 and f.
1
Let w be ((-677)/(-5) - -10) + (-8)/20. Calculate the greatest common factor of 899 and w.
29
Let y = 918 + -891. What is the highest common factor of 1170 and y?
9
Let a(p) = p**2 - 3*p - 3. Let k be a(-6). Let t(g) = 9*g + 194. Let y be t(-14). What is the greatest common divisor of k and y?
17
Let c = -75 + 131. Let f = -5 - -7. Suppose -2*d = 2*d + f*l - c, 2*l = 5*d - 79. Calculate the greatest common factor of 15 and d.
15
Let q(v) = 56*v**3 - 2*v + 1. Let c be q(1). Let u be ((-86)/(-4) - 8)*2*-1. Let x be 4/(-12) - 9/(u/34). Calculate the highest common factor of c and x.
11
Let b(h) = 6*h + 27 + 77 - 4. Let k be b(-16). Calculate the greatest common factor of 2 and k.
2
Let w = 720 + -391. Let x(c) = 3*c**3 - 35*c**2 + 82*c + 2. Let s be x(3). What is the greatest common factor of w and s?
7
Let d = 16 + -9. Suppose -5*t - 5*l = 145, -5*l = -3*t + d*t + 120. Let c be (t - -3)*1/4*-2. Calculate the highest common factor of 22 and c.
11
Let x(p) = 3*p**3 - 8*p**2 - 14*p - 9. Let o be x(-4). Let r = o - -279. What is the greatest common divisor of r and 318?
6
Let w = 68 + -62. Suppose w*q + 40 = 2*q. Let t be 32*-1*q/8. Calculate the highest common divisor of 16 and t.
8
Suppose 0*l + 424 = -4*c + l, -l = 4. Let f be (c/3 - 1)*-3. Suppose 3*r + 21 = -4*t + 59, 0 = 2*r + 4*t - 28. What is the highest common divisor of f and r?
10
Let b = -1427 - -1442. Suppose -10*h + 9*h = -6. Suppose -4*a + 5*a - h = 0. What is the highest common factor of a and b?
3
Suppose 0 = 2*v - v - 5. Suppose v*l + 11 = 26. Let p be 14/l*(-720)/(-56). Calculate the greatest common factor of 40 and p.
20
Let i be (-4 - -5)/(1/(-5)). Let j be (1/(-10)*i)/(4/40). Let m be j/10*-10 + 20. What is the highest common divisor of m and 15?
15
Let m = 622 + -435. Suppose -8 = m*c - 189*c. What is the highest common factor of 220 and c?
4
Suppose 4*j = -4*s + 444, 2*j + 4*s - 114 - 106 = 0. Calculate the greatest common factor of j and 3668.
28
